{"id":573,"date":"2021-08-24T11:56:06","date_gmt":"2021-08-24T14:56:06","guid":{"rendered":"https:\/\/guinchoemvitoria.com.br\/guinchovitoria\/?page_id=573"},"modified":"2021-11-01T23:54:27","modified_gmt":"2021-11-02T02:54:27","slug":"contato","status":"publish","type":"page","link":"https:\/\/guinchoemvitoria.com.br\/guinchovitoria\/contato\/","title":{"rendered":"contato"},"content":{"rendered":"\t\t<div data-elementor-type=\"wp-page\" data-elementor-id=\"573\" class=\"elementor elementor-573\">\n\t\t\t\t\t\t<section class=\"elementor-section elementor-top-section elementor-element elementor-element-2cdc70f4 elementor-section-boxed elementor-section-height-default elementor-section-height-default\" data-id=\"2cdc70f4\" data-element_type=\"section\" data-settings=\"{&quot;background_background&quot;:&quot;classic&quot;,&quot;_ha_eqh_enable&quot;:false}\">\n\t\t\t\t\t\t\t<div class=\"elementor-background-overlay\"><\/div>\n\t\t\t\t\t\t\t<div class=\"elementor-container elementor-column-gap-default\">\n\t\t\t\t\t<div class=\"elementor-column elementor-col-100 elementor-top-column elementor-element elementor-element-2a7d671e\" data-id=\"2a7d671e\" data-element_type=\"column\">\n\t\t\t<div class=\"elementor-widget-wrap elementor-element-populated\">\n\t\t\t\t\t\t<div class=\"elementor-element elementor-element-7e2fdc4c elementor-widget elementor-widget-heading\" data-id=\"7e2fdc4c\" data-element_type=\"widget\" data-widget_type=\"heading.default\">\n\t\t\t\t<div class=\"elementor-widget-container\">\n\t\t\t<h1 class=\"elementor-heading-title elementor-size-medium\">GUINCHO EM VIT\u00d3RIA<br>99993-5411<\/h1>\t\t<\/div>\n\t\t\t\t<\/div>\n\t\t\t\t<div class=\"elementor-element elementor-element-2f6d8395 elementor-widget-divider--view-line elementor-widget elementor-widget-divider\" data-id=\"2f6d8395\" data-element_type=\"widget\" data-widget_type=\"divider.default\">\n\t\t\t\t<div class=\"elementor-widget-container\">\n\t\t\t\t\t<div class=\"elementor-divider\">\n\t\t\t<span class=\"elementor-divider-separator\">\n\t\t\t\t\t\t<\/span>\n\t\t<\/div>\n\t\t\t\t<\/div>\n\t\t\t\t<\/div>\n\t\t\t\t<div class=\"elementor-element elementor-element-1540e1bc elementor-widget elementor-widget-heading\" data-id=\"1540e1bc\" data-element_type=\"widget\" data-widget_type=\"heading.default\">\n\t\t\t\t<div class=\"elementor-widget-container\">\n\t\t\t<h3 class=\"elementor-heading-title elementor-size-large\">Guincho 24 horas em toda Grande Vit\u00f3ria<br>- ZANONI-<\/h3>\t\t<\/div>\n\t\t\t\t<\/div>\n\t\t\t\t\t<\/div>\n\t\t<\/div>\n\t\t\t\t\t<\/div>\n\t\t<\/section>\n\t\t\t\t<section class=\"elementor-section elementor-top-section elementor-element elementor-element-a17522d elementor-section-boxed elementor-section-height-default elementor-section-height-default\" data-id=\"a17522d\" data-element_type=\"section\" data-settings=\"{&quot;background_background&quot;:&quot;classic&quot;,&quot;_ha_eqh_enable&quot;:false}\">\n\t\t\t\t\t\t<div class=\"elementor-container elementor-column-gap-default\">\n\t\t\t\t\t<div class=\"elementor-column elementor-col-100 elementor-top-column elementor-element elementor-element-c63f0b3\" data-id=\"c63f0b3\" data-element_type=\"column\">\n\t\t\t<div class=\"elementor-widget-wrap elementor-element-populated\">\n\t\t\t\t\t\t<div class=\"elementor-element elementor-element-8444bdc elementor-widget elementor-widget-heading\" data-id=\"8444bdc\" data-element_type=\"widget\" data-widget_type=\"heading.default\">\n\t\t\t\t<div class=\"elementor-widget-container\">\n\t\t\t<h2 class=\"elementor-heading-title elementor-size-default\">Atendimento 24 horas em toda  a Grande Vit\u00f3ria  (27) 99993-5411<\/h2>\t\t<\/div>\n\t\t\t\t<\/div>\n\t\t\t\t\t<\/div>\n\t\t<\/div>\n\t\t\t\t\t<\/div>\n\t\t<\/section>\n\t\t\t\t<section class=\"elementor-section elementor-top-section elementor-element elementor-element-740d6ca elementor-section-full_width elementor-section-height-default elementor-section-height-default\" data-id=\"740d6ca\" data-element_type=\"section\" data-settings=\"{&quot;_ha_eqh_enable&quot;:false}\">\n\t\t\t\t\t\t<div class=\"elementor-container elementor-column-gap-default\">\n\t\t\t\t\t<div class=\"elementor-column elementor-col-100 elementor-top-column elementor-element elementor-element-c0ff902\" data-id=\"c0ff902\" data-element_type=\"column\">\n\t\t\t<div class=\"elementor-widget-wrap elementor-element-populated\">\n\t\t\t\t\t\t<div class=\"elementor-element elementor-element-2f9fada elementor-widget elementor-widget-google_maps\" data-id=\"2f9fada\" data-element_type=\"widget\" data-widget_type=\"google_maps.default\">\n\t\t\t\t<div class=\"elementor-widget-container\">\n\t\t\t\t\t<div class=\"elementor-custom-embed\">\n\t\t\t<iframe loading=\"lazy\"\n\t\t\t\t\tsrc=\"https:\/\/maps.google.com\/maps?q=29070540&#038;t=m&#038;z=10&#038;output=embed&#038;iwloc=near\"\n\t\t\t\t\ttitle=\"29070540\"\n\t\t\t\t\taria-label=\"29070540\"\n\t\t\t><\/iframe>\n\t\t<\/div>\n\t\t\t\t<\/div>\n\t\t\t\t<\/div>\n\t\t\t\t\t<\/div>\n\t\t<\/div>\n\t\t\t\t\t<\/div>\n\t\t<\/section>\n\t\t\t\t<\/div>\n\t\t","protected":false},"excerpt":{"rendered":"<p>GUINCHO EM VIT\u00d3RIA99993-5411 Guincho 24 horas em toda Grande Vit\u00f3ria&#8211; ZANONI- Atendimento 24 horas em toda a Grande Vit\u00f3ria (27) 99993-5411<\/p>\n","protected":false},"author":1,"featured_media":677,"parent":0,"menu_order":0,"comment_status":"closed","ping_status":"closed","template":"elementor_header_footer","meta":{"_bbp_topic_count":0,"_bbp_reply_count":0,"_bbp_total_topic_count":0,"_bbp_total_reply_count":0,"_bbp_voice_count":0,"_bbp_anonymous_reply_count":0,"_bbp_topic_count_hidden":0,"_bbp_reply_count_hidden":0,"_bbp_forum_subforum_count":0,"om_disable_all_campaigns":false,"_monsterinsights_skip_tracking":false,"_monsterinsights_sitenote_active":false,"_monsterinsights_sitenote_note":"","_monsterinsights_sitenote_category":0,"_joinchat":[],"footnotes":""},"class_list":["post-573","page","type-page","status-publish","has-post-thumbnail","hentry","entry"],"aioseo_notices":[],"_links":{"self":[{"href":"https:\/\/guinchoemvitoria.com.br\/guinchovitoria\/wp-json\/wp\/v2\/pages\/573","targetHints":{"allow":["GET"]}}],"collection":[{"href":"https:\/\/guinchoemvitoria.com.br\/guinchovitoria\/wp-json\/wp\/v2\/pages"}],"about":[{"href":"https:\/\/guinchoemvitoria.com.br\/guinchovitoria\/wp-json\/wp\/v2\/types\/page"}],"author":[{"embeddable":true,"href":"https:\/\/guinchoemvitoria.com.br\/guinchovitoria\/wp-json\/wp\/v2\/users\/1"}],"replies":[{"embeddable":true,"href":"https:\/\/guinchoemvitoria.com.br\/guinchovitoria\/wp-json\/wp\/v2\/comments?post=573"}],"version-history":[{"count":40,"href":"https:\/\/guinchoemvitoria.com.br\/guinchovitoria\/wp-json\/wp\/v2\/pages\/573\/revisions"}],"predecessor-version":[{"id":1144,"href":"https:\/\/guinchoemvitoria.com.br\/guinchovitoria\/wp-json\/wp\/v2\/pages\/573\/revisions\/1144"}],"wp:featuredmedia":[{"embeddable":true,"href":"https:\/\/guinchoemvitoria.com.br\/guinchovitoria\/wp-json\/wp\/v2\/media\/677"}],"wp:attachment":[{"href":"https:\/\/guinchoemvitoria.com.br\/guinchovitoria\/wp-json\/wp\/v2\/media?parent=573"}],"curies":[{"name":"wp","href":"https:\/\/api.w.org\/{rel}","templated":true}]}}